?
11
Calculate the remainder when 64 is divided by ((-75)/(-9))/(((-85)/(-15))/17).
14
Let l(c) = -4*c**3 + 5*c**3 - 81 - 6*c + 83. Let i = 108 + -66. What is the remainder when i is divided by l(3)?
9
Suppose 4*t - 2*t = -u - 3, -10 = -2*u. Let w = t + 32. What is the remainder when w is divided by 15?
13
Suppose -293*c + 289*c + 4*k = -2936, -c - 2*k + 743 = 0. Calculate the remainder when c is divided by 125.
112
Let y(o) = o**3 + 8*o**2 + 10*o + 20. Calculate the remainder when 767 is divided by y(-3).
32
Let f be (((-20)/(-5))/4)/(-1). Let c(t) = 62*t**2 - t - 2. What is the remainder when c(f) is divided by 16?
13
Let o be (-107)/7 + (-4)/(-14). Let y be o/5 - -10*2. Let s = -12 + y. Calculate the remainder when s is divided by 2.
1
Let q(t) = 3 + 2*t + 2 - 1. Suppose 2852 = 14*x + 1858. What is the remainder when x is divided by q(7)?
17
Suppose 0 = n + 6*y - 4*y - 62, 0 = -5*n + 5*y + 280. Calculate the remainder when n is divided by 22.
14
Let q be 4/((-20)/(-5)) + 0. What is the remainder when 20 is divided by (3 - 5)*(q - 5)?
4
Suppose -3*p = -p. Suppose r + 2*g + 4 = p, r - 4*g - 26 = -0*g. What is the remainder when 23 is divided by r?
5
Let j(r) = -r**3 - 12*r**2 - 17*r + 25. What is the remainder when j(-11) is divided by 21?
7
Suppose -9 = -3*x + 21. What is the remainder when (-4)/(-5) + 1267/35 is divided by x?
7
Calculate the remainder when 189 is divided by 3/(-4) - (-1122)/88.
9
What is the remainder when (-9)/(9/4)*(-354)/12 is divided by 20/((2/4)/1)?
38
Suppose 28*z - 2251 = -375. Calculate the remainder when z is divided by 14.
11
Let m = 21 + -16. Let y(x) = -x + 11. Suppose 4*i - i - 51 = 0. What is the remainder when i is divided by y(m)?
5
What is the remainder when (-14)/(-2) - (12 - 258 - -14) is divided by 48?
47
Suppose p + 3*w - 2 = -5, -3*p + 5 = 2*w. Let i(f) = 30*f + 13. Calculate the remainder when i(p) is divided by 35.
33
Let t = 70 - -119. What is the remainder when t is divided by 16?
13
Suppose -4*h + 10 = -3*h. Suppose -2*x = -5*x - 117. Let i = h - x. Calculate the remainder when i is divided by 17.
15
Suppose -5*w = -3*w - 52. Let j = 35 - w. Calculate the remainder when 23 is divided by j.
5
What is the remainder when 255 is divided by 1 - 31/(-6) - (-189)/(-1134)?
3
Let k = 141 - 126. What is the remainder when 71 is divided by k?
11
Suppose 14*d + 1372 = 42*d. What is the remainder when 54 is divided by d?
5
Let b = -80 + 113. Let v(k) = 13*k**2 + 110*k - 111. What is the remainder when b is divided by v(1)?
9
Suppose -2*s + 48 = -k, 2*s = -2*s - k + 84. What is the remainder when 89 + -1 + (4 - 5) is divided by s?
21
Let k be (-1 - -1)/(9 + -7). Suppose k = -4*x + 11 + 5. Suppose -20 - 40 = -x*y. What is the remainder when 44 is divided by y?
14
Suppose 53*m = 33*m + 200. Suppose -4*a + 70 = -38. What is the remainder when a is divided by m?
7
Let p(y) = -8*y - 25. Let l be p(-7). What is the remainder when 50 is divided by (36 - l) + (7 - 1)?
6
Let u be (-1)/4 - 26/(-8). Let x(n) = n - 1. What is the remainder when ((-3)/1)/(-1) + 1 is divided by x(u)?
0
Suppose 1 = -3*b - 2*k, 4*b + 4 = -5*k + k. Let n(f) = 11*f + 7. Calculate the remainder when 105 is divided by n(b).
15
Suppose 6*l - 100 = -5*o + l, -5*o - 2*l = -106. Suppose 3*g = -5*u + g - 13, 3*u - 5 = 2*g. Let d = 9 + u. What is the remainder when o is divided by d?
6
Let h = 254 + -428. What is the remainder when (-6)/21 + h/(-21) is divided by (-3)/(0 + 1) - (7 - 15)?
3
Let d = -205 - -295. Let y be (-2)/15 + 12/d. Suppose 9 = -y*x + x + p, -4*p = 3*x - 25. What is the remainder when 41 is divided by x?
8
Suppose -5*t - 4*i - 1 + 6 = 0, 5*t = -2*i + 15. Suppose 3*p = 5*h + 326, 112 = p - 0*h - t*h. What is the remainder when p is divided by 22?
19
Suppose 9 = -5*z + 19. Calculate the remainder when 34 is divided by 5/20 - (z - (-94)/(-8)).
4
Let f(p) = 47*p + 6. Let r be f(-2). Calculate the remainder when 28 is divided by (-16)/r - 414/(-22).
9
Calculate the remainder when (-2)/4 + (-18)/36 + 252 is divided by 18.
17
Let s = -232 - -243. Suppose -3*y = y - 560. What is the remainder when y is divided by s?
8
Let n = -156 - -234. Suppose -2*j - j = -n. Suppose 5*v - 305 = -55. Calculate the remainder when v is divided by j.
24
Suppose 2*u + 0*u + 20 = 0. Let r(w) = -w**3 - 9*w**2 + 8*w + 5. What is the remainder when r(u) is divided by 105/(-14)*18/(-15)?
7
Let o = 1562 + -1511. Calculate the remainder when 68 is divided by o.
17
Suppose 335 = 5*n + c, -c + 14 = n - 53. What is the remainder when n is divided by 5?
2
Let h = -39 - -42. Suppose -9 = 3*i, -4*i = 4*p - 5 - 43. Calculate the remainder when p is divided by (h - (0 - 1)) + 0.
3
Suppose 40*v = -33*v + 3285. Calculate the remainder when v is divided by 2/(-9) + (-310)/(-18).
11
Let q(z) = z + 13. Calculate the remainder when 2/((-128)/(-700) + (-2)/14) is divided by q(0).
11
What is the remainder when (2/4)/((-6280)/(-6272) + -1) is divided by 128?
8
Suppose 0 = -4*o - 2*u + 16, 0 = 2*o + 2*o + u - 16. Let w be (-315)/o + (-13)/52. Let v = -22 - w. What is the remainder when v is divided by 30?
27
Let v = 87 + -85. Suppose v*z - 62 - 48 = 0. Calculate the remainder when z is divided by 14.
13
Let c(x) = -5*x - 5. Let a be c(4). Let o = a - -40. Calculate the remainder when 44 is divided by o.
14
Let p(i) = -i**3 - 8*i**2 - 21*i - 78. Calculate the remainder when 117 is divided by p(-7).
17
Let o(d) = d**2 + d + 1. Suppose -z + 10 = w + 4*w, 0 = -4*z - 20. What is the remainder when o(w) is divided by 5?
3
Calculate the remainder when 95 is divided by ((-6072)/32)/(-3) + (-1)/4.
32
Suppose 0 = y + 5*b - 677, 2*b - 2798 = -14*y + 10*y. What is the remainder when y is divided by 4?
2
Calculate the remainder when 1*5*(-9 - (-7 + -21)) is divided by 32.
31
Suppose 10*c = 16*c - 1716. Calculate the remainder when c is divided by 17.
14
Let w(y) = 6*y**2 - 3. Let j = 12 - 13. Let k(o) = o**2 - o - 1. Let b(l) = j*w(l) + 9*k(l). What is the remainder when 69 is divided by b(5)?
21
Suppose 7*p = 8*p - 4. Suppose -o - 3*a + 25 - 3 = 0, 4*o + p*a = 104. What is the remainder when o is divided by 16?
12
Let b(l) = -4*l**2 + 5*l - 7. Let v be b(4). Let d = 66 + v. Let z(a) = a**3 + a**2 + 28. Calculate the remainder when z(0) is divided by d.
13
Suppose -30*t = -130*t + 1000. Calculate the remainder when 212 is divided by t.
2
Let b(f) = -f**3 + 20*f**2 + 3*f - 27. What is the remainder when 988 is divided by b(20)?
31
Suppose -5*i + 3 + 11 = -3*v, 3*i - 4*v - 4 = 0. Calculate the remainder when 27 is divided by i.
3
Suppose -5*t = -4*t - 3*q - 28, -4*t = -3*q - 121. What is the remainder when 65 is divided by t?
3
Let x(d) = -d**3 - 10*d**2 + 2*d - 9. Let k be x(-10). Let h = k - -34. Calculate the remainder when 19 is divided by h.
4
Suppose 0 = 6*n + 1 - 25. Suppose -n*s - 42 = -2*a, 2*a = 3*s - 4*s + 67. Calculate the remainder when 56 is divided by a.
25
Suppose 4*s = 68 + 4. Let x(o) = 24*o**3 - 2*o**2 + o - 1. Let r be x(1). Let u = r - s. Calculate the remainder when 18 is divided by u.
2
Suppose 1829 = 15*m - 376. Calculate the remainder when 163 is divided by m.
16
Let b = -191 + 92. Calculate the remainder when 24 is divided by (3/9*3)/((-11)/b).
6
Let u(v) = v**2 - 9*v - 34. What is the remainder when u(-9) is divided by 22?
18
Suppose -2*h - 126 = -g, 6*h - 4 = 4*h. What is the remainder when g is divided by 19?
16
Let c = 497 + -408. What is the remainder when c is divided by 13?
11
Suppose 58 = 4*y + 310. Let g = y + 115. Calculate the remainder when g is divided by 11.
8
Let o be (-31)/(2/4 - 1). What is the remainder when 2/(-4)*-1*o is divided by 8?
7
Let t = -18 + 7. Let f = -2 - t. Suppose -3*u + 2*u = -26. What is the remainder when u is divided by f?
8
Suppose 3*f - 74 = -2*y, 0 = -2*y - 5*f + 73 + 5. Suppose y = 4*r - 2*r. Calculate the remainder when 65 is divided by r.
14
Suppose -u = r - 8, -3*r - r = -u - 22. Calculate the remainder when 201 is divided by r.
3
Suppose 3*z - 3 - 31 = -2*q, 26 = 2*q + z. Let u be 2 + 0 + -3 + 1. Suppose u*n = 3*n - 63. Calculate the remainder when n is divided by q.
10
Let m be 5/10 + (-29)/2. Suppose -5*j + 3*t + 161 = 0, 2*j + 2*j + 4*t = 116. Let o = m + j. What is the remainder when o is divided by 5?
2
Let p be (-4)/6 +